r + 89 = 2*a. List the prime factors of r.
3, 31
Let p be 1 - (-585 + 4 + -6). Suppose 0 = 3*q - 9*q + p. Let g = q + -23. List the prime factors of g.
3, 5
Let x be (15/6)/(19/342). Let t(g) = g**2 + 11*g + 2. Let a be t(-5). Let s = a + x. List the prime factors of s.
17
Let y be (-40)/(-180) + ((-2492)/36 - -4). Let a = -85 + 33. Let u = a - y. What are the prime factors of u?
13
Let j(z) = 43*z + 62. Let x = 87 - 79. List the prime factors of j(x).
2, 7, 29
Let w = -61 + 61. Suppose w*o = -o, -2*q = -4*o - 4. Suppose q*h + 38 = 3*s - 195, h = 3*s - 229. What are the prime factors of s?
3, 5
Let a(h) = -92*h - 19. Let g be a(-6). Suppose 2*t - 5*w - g = 0, 4*w - 218 = 4*t - 1302. Let p = t - 159. What are the prime factors of p?
5, 23
Suppose -94*x + 104 = 80*x - 148*x. Suppose -15 = 5*d, -2*s + 5*d + 17 = -2. Suppose -3*i + 265 = x*w - 0*i, s*i = 3*w - 203. List the prime factors of w.
67
Suppose 0 = 93*o - 83*o - 130820. List the prime factors of o.
2, 31, 211
Let n = 32 - 22. Suppose 0 = -3*m + 6, -n*l + 5*m + 1260 = -9*l. List the prime factors of l.
2, 5, 127
Suppose -7*h = 1 - 43. Suppose h*q = 8773 - 685. List the prime factors of q.
2, 337
Suppose -13*n = -4*n - 9360. Suppose 3*v - n = -3*q + 8*v, 0 = -3*q + v + 1024. What are the prime factors of q?
2, 5, 17
Let f be -6*6/(-9) + 0. Suppose -x + 10 = -6*x, 5*x - 6 = f*t. What are the prime factors of t/(-6) - (-284)/6?
2, 3
Let u = -70 - -74. Suppose 5*r - 1398 - 530 = 3*k, 0 = u*r - 4*k - 1544. What are the prime factors of r?
5, 7, 11
Let l(m) = 55*m - 30. Let k be l(3). Let n = 159 - k. What are the prime factors of n?
2, 3
List the prime factors of (-21)/(-350)*25 - 87226/(-4).
2, 29, 47
Suppose 5816894 = 81*g + 28*g. What are the prime factors of g?
2, 26683
Let b be 8*214*17/34. Suppose -3176 - b = -12*y. Suppose -27*n + y = -24*n. What are the prime factors of n?
2, 7
Let c be 5418/(-9) - (-4)/(0 + -1). Let n = c - -962. What are the prime factors of n?
2, 89
Suppose 0 = 5*t + 5, -4*u - 36*t = -38*t - 22806. List the prime factors of u.
5701
Let h = 309 + -182. Suppose -2*a + h = 107. List the prime factors of a.
2, 5
Let m = -60 + -17. Let s = 85 + m. Let b = s - -13. What are the prime factors of b?
3, 7
Let g = 46 + -56. Let f be (4/10)/((-2)/g). Suppose y = 3*y - c - 77, -74 = -f*y - 2*c. List the prime factors of y.
2, 19
Let k(t) = 9*t - 14 - 30*t - 14*t - 57. List the prime factors of k(-5).
2, 13
Let f = 23 + -19. Suppose f*g + 93 = 705. Let m = g + -92. List the prime factors of m.
61
List the prime factors of 55215/10*26/39.
3, 409
Suppose 2*z = -r + 5, 2 + 4 = -2*r. Suppose 660 = 4*f - 0*f + z*x, -4*f - 3*x = -661. What are the prime factors of f?
2, 83
Let u be -3 + -3*(-24)/9. Suppose n - u = r, 4*n - 9 + 3 = -3*r. Suppose -3*s + n*g + 22 + 11 = 0, s - 11 = 5*g. What are the prime factors of s?
11
Suppose -5*j + 4*h + 26 = -24, 0 = j - h - 11. Let q(z) = 11*z**2 - 2*z + 25. What are the prime factors of q(j)?
409
Let h be 2 - (3/(-3) - 106). Suppose -4*f + 191 + h = 0. Suppose -19 = i - f. What are the prime factors of i?
2, 7
Let j be 630/12*(9/3 - -1). List the prime factors of 54285/j - (5/(-2))/(-1).
2
Suppose -3*i - 19 = -4*w, 0 = 2*w + 5*i + 5 + 18. Let o be 6*w - 20/5. What are the prime factors of (-174)/4*o/6*-4?
2, 29
List the prime factors of 1780*(3 - (-14)/56).
5, 13, 89
Let t be (-14061)/(-12) + (-14)/(-56). Let j = 1769 - t. List the prime factors of j.
3, 199
Let o(y) = -y**3 + 4*y**2 - 4*y - 29. Let r be o(-8). Let w = 1626 - r. What are the prime factors of w?
3, 5, 19
Suppose 0 = -10*m + 53882 + 11698. What are the prime factors of m?
2, 3, 1093
Suppose -3*t = -o + 3734, 5*t - 9*t - 4996 = 3*o. Let m = -731 - t. List the prime factors of m.
5, 103
Let r = -134 - -359. Let i = r + -74. Suppose -21 - i = -z. What are the prime factors of z?
2, 43
Suppose -4*b + n + 39203 + 12581 = 0, 4*n + 25892 = 2*b. What are the prime factors of b?
2, 6473
Let w(q) = -33*q**3 - 25*q**2 - 51*q + 54. List the prime factors of w(-10).
2, 11, 353
Let r = 39864 + 4403. List the prime factors of r.
44267
Let g = 8824 - -152. List the prime factors of g.
2, 3, 11, 17
Let k be ((-156)/(-48))/(1/(-16)). List the prime factors of 45/(((-8)/k)/2).
3, 5, 13
Let j = -52 + 57. Suppose -3*x - 3 = -j*m + 10, 5*m - 7 = 2*x. List the prime factors of ((-9)/x)/(6/(-22))*-8.
2, 11
Let k(y) = -1115*y - 1119*y - 1118*y - 13 + 3347*y. Let t be (7 + 1 - -1)*-1. List the prime factors of k(t).
2
Let m(s) = s**2 + 3*s - 2. Let y be m(-3). Let h(g) = -3 - 6*g**2 + 0*g**3 - 2*g + 14*g**2 - 10*g**2 - 7*g**3. What are the prime factors of h(y)?
7
Let v(l) = -17*l**3 + 3*l**2 + 6*l - 13. Let u be v(2). Let d = u + 899. List the prime factors of d.
2, 3, 43
Let x = -28 + 35. Suppose -2*q + x*q + 60 = 0. What are the prime factors of ((-212)/(-12))/((-4)/q)?
53
Let t = -40258 - -58803. What are the prime factors of t?
5, 3709
Let r be (-2 + 4)*(-3 + 2) + 2. Suppose -2*p - 5*t + 537 = 0, 2*t = -3*p - r*t + 789. List the prime factors of p.
3, 29
Let b(r) = 2*r**2 + 11*r - 35. Let a be b(20). Suppose -2*p - v + 2777 = 0, p + 4*v = a + 407. What are the prime factors of p/14 + (-6)/42?
3, 11
Let o be (3 - 146/(-9)) + 8/(-36). Suppose 0 = -4*m + o*m - 15. List the prime factors of 164*(3 + m)/4.
2, 41
Suppose -4*a + 1244 = -4*y, -573*a - 4*y = -575*a + 612. List the prime factors of a.
2, 79
Let t be 6/6*(-574)/(-2). What are the prime factors of 2 + -1 + t + 6?
2, 3, 7
Let d be 4*((-28)/(-8) - 0). Let w be (-35)/d*4/(-5). What are the prime factors of (81/4 - w)/(5/20)?
73
Let d(q) = -4*q**3 - 19*q**2 + 70*q + 25. What are the prime factors of d(-13)?
2, 3, 17, 23
Let y = -397 - -256. Let s = y - -601. List the prime factors of s.
2, 5, 23
Let c(t) = -2*t**2 - 9*t - 24. Let a be c(-4). List the prime factors of a/170 + 13164/51.
2, 3, 43
Suppose 37*x - 42*x - 90 = 0. Let w(d) = d**3 + 19*d**2 + 17*d + 2. Let c be w(x). Suppose 29 = 2*i + 5*a, c = 5*i - 3*i - 4*a. What are the prime factors of i?
2, 3
Suppose 10*h = 5*h + v + 21, 0 = -4*v + 16. Let l(i) = 2*i**3 - 12*i**2 + 41*i - 9. What are the prime factors of l(h)?
2, 73
Suppose -8325 = -w - 3*x, -2*w + 16610 = -9*x + 5*x. What are the prime factors of w?
3, 17, 163
Let y(v) = 8*v**2 - 52*v - 5. Let t(h) = -5*h**2 + 25*h + 3. Let i(o) = 5*t(o) + 3*y(o). List the prime factors of i(-5).
2, 5, 13
Suppose -2800 - 1016 = -2*s + 6*m, 2*m = -4*s + 7618. What are the prime factors of s?
3, 5, 127
Let q(x) = -4*x + 17. Let u be q(4). Let s be (u - 2)/((-24815)/12405 + 2). What are the prime factors of s/33 - (6/(-33))/(-1)?
3, 5
Suppose 11*q - 13*q - 5*c = -167658, 3*q + c = 251539. List the prime factors of q.
191, 439
Let k be (6/4)/(27/(-3942)). Let l = k + 978. List the prime factors of l.
3, 11, 23
Suppose -408*b - 1620503 = -440*b + 739689. List the prime factors of b.
2, 18439
Let a(f) = 976*f - 647. List the prime factors of a(7).
5, 1237
Suppose -62 = -3*j - 56. Suppose 5*k = -5, 4*x = 3*x - j*k + 2. Suppose -x*n = -4*u - 8, -5*n + 2*u + 5 = -11. List the prime factors of n.
2
Let i = 9604 - 2482. What are the prime factors of i?
2, 3, 1187
Let f(n) = n**3 - 12*n + 11. Let w(d) = -4*d**3 - d**2 + 37*d - 32. Let m(p) = -7*f(p) - 2*w(p). List the prime factors of m(6).
5, 67
Let i(a) = 2*a**2 + 11*a - 94. Let g be i(21). Let s = g - 519. List the prime factors of s.
2, 5
Let k = -25538 + 82827. What are the prime factors of k?
59, 971
Suppose 87*q = 81*q + 38735 + 49705. What are the prime factors of q?
2, 5, 11, 67
Suppose 55*f - 42*f = 41184. Suppose 10*y - f = 9092. What are the prime factors of y?
2, 613
Let o(n) = -49*n - 99. What are the prime factors of o(-20)?
881
Suppose 47173 + 175395 = 12*i + 31*i. List the prime factors of i.
2, 647
Let y be ((-23)/3 - -3)/(44/(-2706)). Suppose 292*d - 8145 = y*d. List the prime factors of d.
3, 181
Let f(r) = -3131*r - 624. What are the prime factors of f(-9)?
3, 5, 11, 167
Let r be (0*(-3 - 10/(-4)))/1. Suppose 5*x - 2220 = -3*z, 0 = -4*x - r*z - 3*z + 1779. What are the prime factors of x?
3, 7
Suppose 1 = v - 2*v - 3*m, -v - 2 = 4*m. Let f = v - -6. Suppose 290 = f*k - 398. What are the prime factors of k?
2, 43
Let i = -10305 + 21608. List the prime factors of i.
89, 127
Let w = 3 - 3. Su